{"id":10767,"date":"2026-04-18T09:19:54","date_gmt":"2026-04-18T09:19:54","guid":{"rendered":"https:\/\/novi.comex.rs\/?post_type=product&#038;p=10767"},"modified":"2026-04-18T09:19:54","modified_gmt":"2026-04-18T09:19:54","slug":"telpo-tps-680","status":"publish","type":"product","link":"https:\/\/novi.comex.rs\/?product=telpo-tps-680","title":{"rendered":"TELPO TPS 680"},"content":{"rendered":"<p data-start=\"42\" data-end=\"73\"><strong data-start=\"42\" data-end=\"73\">Fiskalna kasa TELPO TPS 680<\/strong><\/p>\n<p data-start=\"75\" data-end=\"273\">Napredni Android POS terminal sa dva ekrana, idealan za maloprodaju, restorane i sve objekte sa ve\u0107im prometom. Moderan all-in-one sistem sa podr\u0161kom za e-fiskalizaciju i povezivanje dodatne opreme.<\/p>\n<ul data-start=\"275\" data-end=\"756\">\n<li data-section-id=\"fic5im\" data-start=\"275\" data-end=\"361\">15.6\u201d touch displej + 10.1\u201d displej za kupca<\/li>\n<li data-section-id=\"3z1e0r\" data-start=\"362\" data-end=\"434\">Android OS (ESIR\/LPFR podr\u0161ka)<\/li>\n<li data-section-id=\"182gi0o\" data-start=\"435\" data-end=\"511\">WiFi \/ LAN \/ Bluetooth povezivanje<\/li>\n<li data-section-id=\"rctcfc\" data-start=\"512\" data-end=\"587\">2GB\u20138GB RAM \/ 16GB\u2013128GB memorija<\/li>\n<li data-section-id=\"9jj9tg\" data-start=\"588\" data-end=\"664\">Povezivanje: USB, RJ11, RJ12, RJ45<\/li>\n<li data-section-id=\"1xexzap\" data-start=\"665\" data-end=\"756\">Mogu\u0107nost povezivanja \u0161tampa\u010da, vage i POS opreme<\/li>\n<\/ul>\n","protected":false},"excerpt":{"rendered":"<p>Fiskalna kasa TELPO TPS 680 Napredni Android POS terminal sa dva ekrana, idealan za maloprodaju, restorane i sve objekte sa<\/p>\n","protected":false},"featured_media":10768,"comment_status":"open","ping_status":"closed","template":"","meta":[],"product_brand":[],"product_cat":[127],"product_tag":[],"class_list":{"0":"post-10767","1":"product","2":"type-product","3":"status-publish","4":"has-post-thumbnail","6":"product_cat-kase","8":"first","9":"instock","10":"shipping-taxable","11":"product-type-simple"},"_links":{"self":[{"href":"https:\/\/novi.comex.rs\/index.php?rest_route=\/wp\/v2\/product\/10767","targetHints":{"allow":["GET"]}}],"collection":[{"href":"https:\/\/novi.comex.rs\/index.php?rest_route=\/wp\/v2\/product"}],"about":[{"href":"https:\/\/novi.comex.rs\/index.php?rest_route=\/wp\/v2\/types\/product"}],"replies":[{"embeddable":true,"href":"https:\/\/novi.comex.rs\/index.php?rest_route=%2Fwp%2Fv2%2Fcomments&post=10767"}],"version-history":[{"count":1,"href":"https:\/\/novi.comex.rs\/index.php?rest_route=\/wp\/v2\/product\/10767\/revisions"}],"predecessor-version":[{"id":10769,"href":"https:\/\/novi.comex.rs\/index.php?rest_route=\/wp\/v2\/product\/10767\/revisions\/10769"}],"wp:featuredmedia":[{"embeddable":true,"href":"https:\/\/novi.comex.rs\/index.php?rest_route=\/wp\/v2\/media\/10768"}],"wp:attachment":[{"href":"https:\/\/novi.comex.rs\/index.php?rest_route=%2Fwp%2Fv2%2Fmedia&parent=10767"}],"wp:term":[{"taxonomy":"product_brand","embeddable":true,"href":"https:\/\/novi.comex.rs\/index.php?rest_route=%2Fwp%2Fv2%2Fproduct_brand&post=10767"},{"taxonomy":"product_cat","embeddable":true,"href":"https:\/\/novi.comex.rs\/index.php?rest_route=%2Fwp%2Fv2%2Fproduct_cat&post=10767"},{"taxonomy":"product_tag","embeddable":true,"href":"https:\/\/novi.comex.rs\/index.php?rest_route=%2Fwp%2Fv2%2Fproduct_tag&post=10767"}],"curies":[{"name":"wp","href":"https:\/\/api.w.org\/{rel}","templated":true}]}}