{"id":10739,"date":"2026-04-17T12:54:51","date_gmt":"2026-04-17T12:54:51","guid":{"rendered":"https:\/\/novi.comex.rs\/?post_type=product&#038;p=10739"},"modified":"2026-04-17T12:54:52","modified_gmt":"2026-04-17T12:54:52","slug":"galeb-ge10-box","status":"publish","type":"product","link":"https:\/\/novi.comex.rs\/?product=galeb-ge10-box","title":{"rendered":"GALEB GE10 BOX"},"content":{"rendered":"<p data-start=\"33\" data-end=\"59\"><strong data-start=\"33\" data-end=\"59\">Fiskalna kasa GE10 BOX<\/strong><\/p>\n<p data-start=\"61\" data-end=\"273\">Napredna fiskalna kasa sa velikim touch ekranom i Android operativnim sistemom, idealna za maloprodaju i ugostiteljstvo. All-in-one re\u0161enje koje kombinuje fiskalni ure\u0111aj i termalni \u0161tampa\u010d za brz i efikasan rad.<\/p>\n<ul data-start=\"275\" data-end=\"421\">\n<li data-section-id=\"i7fmkj\" data-start=\"275\" data-end=\"298\">10.1\u201d touch displej<\/li>\n<li data-section-id=\"ly9zy3\" data-start=\"299\" data-end=\"333\">Termalni \u0161tampa\u010d (58 mm rolna)<\/li>\n<li data-section-id=\"1jfneea\" data-start=\"334\" data-end=\"366\">Android 10 operativni sistem<\/li>\n<li data-section-id=\"1b8q77r\" data-start=\"367\" data-end=\"398\">4G \/ WiFi \/ USB povezivanje<\/li>\n<li data-section-id=\"8dhrma\" data-start=\"399\" data-end=\"421\">Brz i stabilan rad<\/li>\n<\/ul>\n","protected":false},"excerpt":{"rendered":"<p>Fiskalna kasa GE10 BOX Napredna fiskalna kasa sa velikim touch ekranom i Android operativnim sistemom, idealna za maloprodaju i ugostiteljstvo.<\/p>\n","protected":false},"featured_media":10741,"comment_status":"open","ping_status":"closed","template":"","meta":[],"product_brand":[],"product_cat":[127],"product_tag":[],"class_list":{"0":"post-10739","1":"product","2":"type-product","3":"status-publish","4":"has-post-thumbnail","6":"product_cat-kase","8":"first","9":"instock","10":"shipping-taxable","11":"product-type-simple"},"_links":{"self":[{"href":"https:\/\/novi.comex.rs\/index.php?rest_route=\/wp\/v2\/product\/10739","targetHints":{"allow":["GET"]}}],"collection":[{"href":"https:\/\/novi.comex.rs\/index.php?rest_route=\/wp\/v2\/product"}],"about":[{"href":"https:\/\/novi.comex.rs\/index.php?rest_route=\/wp\/v2\/types\/product"}],"replies":[{"embeddable":true,"href":"https:\/\/novi.comex.rs\/index.php?rest_route=%2Fwp%2Fv2%2Fcomments&post=10739"}],"version-history":[{"count":1,"href":"https:\/\/novi.comex.rs\/index.php?rest_route=\/wp\/v2\/product\/10739\/revisions"}],"predecessor-version":[{"id":10742,"href":"https:\/\/novi.comex.rs\/index.php?rest_route=\/wp\/v2\/product\/10739\/revisions\/10742"}],"wp:featuredmedia":[{"embeddable":true,"href":"https:\/\/novi.comex.rs\/index.php?rest_route=\/wp\/v2\/media\/10741"}],"wp:attachment":[{"href":"https:\/\/novi.comex.rs\/index.php?rest_route=%2Fwp%2Fv2%2Fmedia&parent=10739"}],"wp:term":[{"taxonomy":"product_brand","embeddable":true,"href":"https:\/\/novi.comex.rs\/index.php?rest_route=%2Fwp%2Fv2%2Fproduct_brand&post=10739"},{"taxonomy":"product_cat","embeddable":true,"href":"https:\/\/novi.comex.rs\/index.php?rest_route=%2Fwp%2Fv2%2Fproduct_cat&post=10739"},{"taxonomy":"product_tag","embeddable":true,"href":"https:\/\/novi.comex.rs\/index.php?rest_route=%2Fwp%2Fv2%2Fproduct_tag&post=10739"}],"curies":[{"name":"wp","href":"https:\/\/api.w.org\/{rel}","templated":true}]}}