{"id":10724,"date":"2026-04-17T12:14:16","date_gmt":"2026-04-17T12:14:16","guid":{"rendered":"https:\/\/novi.comex.rs\/?post_type=product&#038;p=10724"},"modified":"2026-04-17T12:22:20","modified_gmt":"2026-04-17T12:22:20","slug":"fioka-za-novac-hs-240b","status":"publish","type":"product","link":"https:\/\/novi.comex.rs\/?product=fioka-za-novac-hs-240b","title":{"rendered":"Fioka za novac HS-240B"},"content":{"rendered":"<p data-start=\"39\" data-end=\"64\"><strong data-start=\"39\" data-end=\"64\">Fioka za novac HS240B<\/strong><\/p>\n<p data-start=\"66\" data-end=\"328\">Kompaktna i prakti\u010dna fioka za novac, idealna za manje prodajne prostore i POS sisteme. Izra\u0111ena od \u010dvrstog metala, omogu\u0107ava sigurno \u010duvanje novca uz jednostavno rukovanje. Podr\u017eava automatsko otvaranje preko \u0161tampa\u010da (RJ11\/RJ12), kao i ru\u010dno otvaranje klju\u010dem.<\/p>\n<ul data-start=\"330\" data-end=\"417\">\n<li data-section-id=\"15i2yun\" data-start=\"330\" data-end=\"357\">4 pregrade za nov\u010danice<\/li>\n<li data-section-id=\"1ry0flb\" data-start=\"358\" data-end=\"384\">8 pregrada za kovanice<\/li>\n<li data-section-id=\"sfp4cp\" data-start=\"385\" data-end=\"417\">Dimenzije: 240 \u00d7 300 \u00d7 90 mm<\/li>\n<\/ul>\n","protected":false},"excerpt":{"rendered":"<ul data-start=\"330\" data-end=\"417\">\n<li data-section-id=\"15i2yun\" data-start=\"330\" data-end=\"357\">4 pregrade za nov\u010danice<\/li>\n<li data-section-id=\"1ry0flb\" data-start=\"358\" data-end=\"384\">8 pregrada za kovanice<\/li>\n<li data-section-id=\"sfp4cp\" data-start=\"385\" data-end=\"417\">Dimenzije: 240 \u00d7 300 \u00d7 90 mm<\/li>\n<\/ul>\n","protected":false},"featured_media":10725,"comment_status":"open","ping_status":"closed","template":"","meta":[],"product_brand":[],"product_cat":[129],"product_tag":[],"class_list":{"0":"post-10724","1":"product","2":"type-product","3":"status-publish","4":"has-post-thumbnail","6":"product_cat-fioke","8":"first","9":"instock","10":"shipping-taxable","11":"purchasable","12":"product-type-simple"},"_links":{"self":[{"href":"https:\/\/novi.comex.rs\/index.php?rest_route=\/wp\/v2\/product\/10724","targetHints":{"allow":["GET"]}}],"collection":[{"href":"https:\/\/novi.comex.rs\/index.php?rest_route=\/wp\/v2\/product"}],"about":[{"href":"https:\/\/novi.comex.rs\/index.php?rest_route=\/wp\/v2\/types\/product"}],"replies":[{"embeddable":true,"href":"https:\/\/novi.comex.rs\/index.php?rest_route=%2Fwp%2Fv2%2Fcomments&post=10724"}],"version-history":[{"count":1,"href":"https:\/\/novi.comex.rs\/index.php?rest_route=\/wp\/v2\/product\/10724\/revisions"}],"predecessor-version":[{"id":10726,"href":"https:\/\/novi.comex.rs\/index.php?rest_route=\/wp\/v2\/product\/10724\/revisions\/10726"}],"wp:featuredmedia":[{"embeddable":true,"href":"https:\/\/novi.comex.rs\/index.php?rest_route=\/wp\/v2\/media\/10725"}],"wp:attachment":[{"href":"https:\/\/novi.comex.rs\/index.php?rest_route=%2Fwp%2Fv2%2Fmedia&parent=10724"}],"wp:term":[{"taxonomy":"product_brand","embeddable":true,"href":"https:\/\/novi.comex.rs\/index.php?rest_route=%2Fwp%2Fv2%2Fproduct_brand&post=10724"},{"taxonomy":"product_cat","embeddable":true,"href":"https:\/\/novi.comex.rs\/index.php?rest_route=%2Fwp%2Fv2%2Fproduct_cat&post=10724"},{"taxonomy":"product_tag","embeddable":true,"href":"https:\/\/novi.comex.rs\/index.php?rest_route=%2Fwp%2Fv2%2Fproduct_tag&post=10724"}],"curies":[{"name":"wp","href":"https:\/\/api.w.org\/{rel}","templated":true}]}}