{"id":10721,"date":"2026-04-17T12:02:56","date_gmt":"2026-04-17T12:02:56","guid":{"rendered":"https:\/\/novi.comex.rs\/?post_type=product&#038;p=10721"},"modified":"2026-04-17T12:10:01","modified_gmt":"2026-04-17T12:10:01","slug":"fioka-za-novac-ek-350","status":"publish","type":"product","link":"https:\/\/novi.comex.rs\/?product=fioka-za-novac-ek-350","title":{"rendered":"Fioka za novac EK-350"},"content":{"rendered":"<p data-start=\"141\" data-end=\"417\">Kompaktna i pouzdana fioka za novac, idealna za manje i srednje prodajne objekte. Izra\u0111ena od kvalitetnog metala, omogu\u0107ava sigurno \u010duvanje gotovine i jednostavno rukovanje. Podr\u017eava automatsko otvaranje putem POS\/fiskalnog \u0161tampa\u010da (RJ11\/RJ12), kao i ru\u010dno otvaranje klju\u010dem.<\/p>\n<ul data-start=\"419\" data-end=\"506\">\n<li data-section-id=\"15i2yun\" data-start=\"419\" data-end=\"446\">4 pregrade za nov\u010danice<\/li>\n<li data-section-id=\"1ry0flb\" data-start=\"447\" data-end=\"473\">8 pregrada za kovanice<\/li>\n<li data-section-id=\"1d8wqaz\" data-start=\"474\" data-end=\"506\">Dimenzije: 350 \u00d7 405 \u00d7 90 mm<\/li>\n<\/ul>\n","protected":false},"excerpt":{"rendered":"<ul data-start=\"419\" data-end=\"506\">\n<li data-section-id=\"15i2yun\" data-start=\"419\" data-end=\"446\">4 pregrade za nov\u010danice<\/li>\n<li data-section-id=\"1ry0flb\" data-start=\"447\" data-end=\"473\">8 pregrada za kovanice<\/li>\n<li data-section-id=\"1d8wqaz\" data-start=\"474\" data-end=\"506\">Dimenzije: 350 \u00d7 405 \u00d7 90 mm<\/li>\n<\/ul>\n","protected":false},"featured_media":10722,"comment_status":"open","ping_status":"closed","template":"","meta":[],"product_brand":[],"product_cat":[129],"product_tag":[],"class_list":{"0":"post-10721","1":"product","2":"type-product","3":"status-publish","4":"has-post-thumbnail","6":"product_cat-fioke","8":"first","9":"instock","10":"shipping-taxable","11":"purchasable","12":"product-type-simple"},"_links":{"self":[{"href":"https:\/\/novi.comex.rs\/index.php?rest_route=\/wp\/v2\/product\/10721","targetHints":{"allow":["GET"]}}],"collection":[{"href":"https:\/\/novi.comex.rs\/index.php?rest_route=\/wp\/v2\/product"}],"about":[{"href":"https:\/\/novi.comex.rs\/index.php?rest_route=\/wp\/v2\/types\/product"}],"replies":[{"embeddable":true,"href":"https:\/\/novi.comex.rs\/index.php?rest_route=%2Fwp%2Fv2%2Fcomments&post=10721"}],"version-history":[{"count":1,"href":"https:\/\/novi.comex.rs\/index.php?rest_route=\/wp\/v2\/product\/10721\/revisions"}],"predecessor-version":[{"id":10723,"href":"https:\/\/novi.comex.rs\/index.php?rest_route=\/wp\/v2\/product\/10721\/revisions\/10723"}],"wp:featuredmedia":[{"embeddable":true,"href":"https:\/\/novi.comex.rs\/index.php?rest_route=\/wp\/v2\/media\/10722"}],"wp:attachment":[{"href":"https:\/\/novi.comex.rs\/index.php?rest_route=%2Fwp%2Fv2%2Fmedia&parent=10721"}],"wp:term":[{"taxonomy":"product_brand","embeddable":true,"href":"https:\/\/novi.comex.rs\/index.php?rest_route=%2Fwp%2Fv2%2Fproduct_brand&post=10721"},{"taxonomy":"product_cat","embeddable":true,"href":"https:\/\/novi.comex.rs\/index.php?rest_route=%2Fwp%2Fv2%2Fproduct_cat&post=10721"},{"taxonomy":"product_tag","embeddable":true,"href":"https:\/\/novi.comex.rs\/index.php?rest_route=%2Fwp%2Fv2%2Fproduct_tag&post=10721"}],"curies":[{"name":"wp","href":"https:\/\/api.w.org\/{rel}","templated":true}]}}