{"id":10708,"date":"2026-04-17T10:22:07","date_gmt":"2026-04-17T10:22:07","guid":{"rendered":"https:\/\/novi.comex.rs\/?post_type=product&#038;p=10708"},"modified":"2026-04-17T10:22:25","modified_gmt":"2026-04-17T10:22:25","slug":"vaga-s300p","status":"publish","type":"product","link":"https:\/\/novi.comex.rs\/?product=vaga-s300p","title":{"rendered":"Vaga S300P"},"content":{"rendered":"<p><strong>Vaga S300 P bez obra\u010duna cene<\/strong><\/p>\n<p>1. Izra\u0111ena od jake i kvalitetne plastike, otporna na udarce i preoptere\u0107enja<br \/>\n2. Tas vage se oslanja direktno na podesive no\u017eice vage, \u0161to onemogu\u0107ava ugibanje vage i neta\u010dne mere<br \/>\n3. Maksimum merenja: 1,5\/3kg i 3\/6kg i 6\/15kg<br \/>\n4. Minimum merenja: 10g i 20g i 40g<br \/>\n5. Podela merenja: 0,5\/1g i 1\/2g i 2\/5g<br \/>\n6. Dimenzije vage: 300mm x 260mm x 120mm<br \/>\n7. Veli\u010dina-tasa 235mm x 205mm od prohroma<br \/>\n8. Za\u0161ti\u0107ena od ulaska te\u010dnosti<br \/>\n9. Jednostavna za upotrebu<br \/>\n10. Veliki LCD displej sa pozadinskim osvetljenjem<br \/>\n11. Displej za prodavca na ku\u0107i\u0161tu vage, napred, displej za kupca na ku\u0107i\u0161tu vage, odpozadi<br \/>\n12. Kontrolno merenje<br \/>\n13. Tastatura: 7 tastera<br \/>\n14. Ultra-niska potro\u0161nja energije<br \/>\n15. Napajanje: Adapter AC 5V\/500mA i punjiva Li-on baterija 3,7V koja je ugra\u0111ena u vagu<br \/>\n14. Funkcija nuliranja i Tare<br \/>\n18. Radna temperature od -10C do +40C<br \/>\n19. Vage su \u017eigosane sa rokom va\u017enosti \u017eiga dve godine od izdavanja deklaracije o usagle\u0161enosti.<br \/>\n20. Garancija:24meseca od dana isporuke, sem na bateriju i adapter<\/p>\n","protected":false},"excerpt":{"rendered":"<ul>\n<li>Maksimum merenja: 1,5\/3kg i 3\/6kg i 6\/15kg<\/li>\n<li>Dimenzije vage: 300mm x 260mm x 120mm<\/li>\n<li>Za\u0161ti\u0107ena od ulaska te\u010dnosti<\/li>\n<\/ul>\n","protected":false},"featured_media":10709,"comment_status":"open","ping_status":"closed","template":"","meta":[],"product_brand":[],"product_cat":[128],"product_tag":[],"class_list":{"0":"post-10708","1":"product","2":"type-product","3":"status-publish","4":"has-post-thumbnail","6":"product_cat-vage","8":"first","9":"instock","10":"shipping-taxable","11":"purchasable","12":"product-type-simple"},"_links":{"self":[{"href":"https:\/\/novi.comex.rs\/index.php?rest_route=\/wp\/v2\/product\/10708","targetHints":{"allow":["GET"]}}],"collection":[{"href":"https:\/\/novi.comex.rs\/index.php?rest_route=\/wp\/v2\/product"}],"about":[{"href":"https:\/\/novi.comex.rs\/index.php?rest_route=\/wp\/v2\/types\/product"}],"replies":[{"embeddable":true,"href":"https:\/\/novi.comex.rs\/index.php?rest_route=%2Fwp%2Fv2%2Fcomments&post=10708"}],"version-history":[{"count":1,"href":"https:\/\/novi.comex.rs\/index.php?rest_route=\/wp\/v2\/product\/10708\/revisions"}],"predecessor-version":[{"id":10711,"href":"https:\/\/novi.comex.rs\/index.php?rest_route=\/wp\/v2\/product\/10708\/revisions\/10711"}],"wp:featuredmedia":[{"embeddable":true,"href":"https:\/\/novi.comex.rs\/index.php?rest_route=\/wp\/v2\/media\/10709"}],"wp:attachment":[{"href":"https:\/\/novi.comex.rs\/index.php?rest_route=%2Fwp%2Fv2%2Fmedia&parent=10708"}],"wp:term":[{"taxonomy":"product_brand","embeddable":true,"href":"https:\/\/novi.comex.rs\/index.php?rest_route=%2Fwp%2Fv2%2Fproduct_brand&post=10708"},{"taxonomy":"product_cat","embeddable":true,"href":"https:\/\/novi.comex.rs\/index.php?rest_route=%2Fwp%2Fv2%2Fproduct_cat&post=10708"},{"taxonomy":"product_tag","embeddable":true,"href":"https:\/\/novi.comex.rs\/index.php?rest_route=%2Fwp%2Fv2%2Fproduct_tag&post=10708"}],"curies":[{"name":"wp","href":"https:\/\/api.w.org\/{rel}","templated":true}]}}