{"id":10702,"date":"2026-04-17T10:17:34","date_gmt":"2026-04-17T10:17:34","guid":{"rendered":"https:\/\/novi.comex.rs\/?post_type=product&#038;p=10702"},"modified":"2026-04-17T10:43:40","modified_gmt":"2026-04-17T10:43:40","slug":"vaga-evl-le1","status":"publish","type":"product","link":"https:\/\/novi.comex.rs\/?product=vaga-evl-le1","title":{"rendered":"Vaga EVL &#8211; LE1"},"content":{"rendered":"<p><strong>Vaga EVL LE1 sa obra\u010dunom cene<\/strong><\/p>\n<p>Konstruktivno vrlo stabilna i jaka vaga, dugo prisutna na tr\u017ei\u0161tu u Srbiji<br \/>\nIzra\u0111ena od jake i kvalitetne plastike, otporna na udarce i preoptere\u0107enja<br \/>\nTas vage se oslanja direktno na podesive no\u017eice vage, \u0161to onemogu\u0107ava ugibanje vage i neta\u010dne mere<br \/>\nNapajanje: 220V (spoljnji adapter) i punjiva baterija ve\u0107 ugra\u0111ena u vagu sa mogu\u0107no\u0161\u0107u neprekidnog rada do 120 sati bez ponovnog punjenja<br \/>\nLCD displej za kupca i prodavca, visina cifara 15mm<br \/>\nDisplej za prodavca na ku\u0107i\u0161tu vage, napred, displej za kupca na ku\u0107i\u0161tu vage, odpozadi<br \/>\nNa displejima se prikazuje izmerena te\u017eina, jedini\u010dna cena I ukupna cena<br \/>\nPozadinsko svetlo<br \/>\nMaksimumu merenja: 3\/6, 6\/15 i 15\/30<br \/>\nPodela merenja: 1\/2g, 2\/5 i 5\/10g<br \/>\nDimenzije vage: 380mmx330m x130mm (bez stuba)<br \/>\nTas od prohroma dimenzija: 330mmx250mm<br \/>\nFunkcija nuliranja i Tare<br \/>\nFunkcija obra\u010dunavanja cene po jedinici mere<br \/>\nFunkcija memorisanja artikala i cene za svaki artikal pojedina\u010dno<br \/>\n1800 artikala u memoriji<br \/>\n18 direktnih artikala<br \/>\nFunkcija zbirnog prikaza vi\u0161e prodaja<br \/>\nFunkcija brojenja detalja<br \/>\nRS-232 komunikacija i Eternet komunikacija (opciono)<br \/>\nProtokoli za povezivanje vage sa PC-ijem, kasama, label i pos printerima<br \/>\nVaga povezana sa label printerom mo\u017ee da \u0161tampa naziv firme, naziv artikla, podatke za artikal u 14 reda, bar-kod, datum \u0161tampe,broj \u0161tampe, rok upotrebe (upotrebljivo do), lot broj\u2026 (deklaraciju), broj komada, bar-kod od broja komada\u2026<br \/>\nSoftver za unos artikala sa cenama, kao i softver za unos parametara za funkciju brojenja besplatan.<br \/>\nGarancija 2 godine<\/p>\n","protected":false},"excerpt":{"rendered":"<ul>\n<li>Maksimumu merenja: 3\/6, 6\/15 i 15\/30<\/li>\n<li>Dimenzije vage: 380mmx330m x130mm (bez stuba)<\/li>\n<li>Besplatan softver<\/li>\n<\/ul>\n","protected":false},"featured_media":10696,"comment_status":"open","ping_status":"closed","template":"","meta":[],"product_brand":[],"product_cat":[128],"product_tag":[],"class_list":{"0":"post-10702","1":"product","2":"type-product","3":"status-publish","4":"has-post-thumbnail","6":"product_cat-vage","8":"first","9":"instock","10":"shipping-taxable","11":"product-type-simple"},"_links":{"self":[{"href":"https:\/\/novi.comex.rs\/index.php?rest_route=\/wp\/v2\/product\/10702","targetHints":{"allow":["GET"]}}],"collection":[{"href":"https:\/\/novi.comex.rs\/index.php?rest_route=\/wp\/v2\/product"}],"about":[{"href":"https:\/\/novi.comex.rs\/index.php?rest_route=\/wp\/v2\/types\/product"}],"replies":[{"embeddable":true,"href":"https:\/\/novi.comex.rs\/index.php?rest_route=%2Fwp%2Fv2%2Fcomments&post=10702"}],"version-history":[{"count":1,"href":"https:\/\/novi.comex.rs\/index.php?rest_route=\/wp\/v2\/product\/10702\/revisions"}],"predecessor-version":[{"id":10703,"href":"https:\/\/novi.comex.rs\/index.php?rest_route=\/wp\/v2\/product\/10702\/revisions\/10703"}],"wp:featuredmedia":[{"embeddable":true,"href":"https:\/\/novi.comex.rs\/index.php?rest_route=\/wp\/v2\/media\/10696"}],"wp:attachment":[{"href":"https:\/\/novi.comex.rs\/index.php?rest_route=%2Fwp%2Fv2%2Fmedia&parent=10702"}],"wp:term":[{"taxonomy":"product_brand","embeddable":true,"href":"https:\/\/novi.comex.rs\/index.php?rest_route=%2Fwp%2Fv2%2Fproduct_brand&post=10702"},{"taxonomy":"product_cat","embeddable":true,"href":"https:\/\/novi.comex.rs\/index.php?rest_route=%2Fwp%2Fv2%2Fproduct_cat&post=10702"},{"taxonomy":"product_tag","embeddable":true,"href":"https:\/\/novi.comex.rs\/index.php?rest_route=%2Fwp%2Fv2%2Fproduct_tag&post=10702"}],"curies":[{"name":"wp","href":"https:\/\/api.w.org\/{rel}","templated":true}]}}